{"id":591,"date":"2026-01-29T09:58:49","date_gmt":"2026-01-29T07:58:49","guid":{"rendered":"https:\/\/vlzvvg.lt\/?page_id=591"},"modified":"2026-01-29T09:58:50","modified_gmt":"2026-01-29T07:58:50","slug":"renginys-2025-11-07","status":"publish","type":"page","link":"https:\/\/vlzvvg.lt\/?page_id=591","title":{"rendered":"Renginys 2025 11 07"},"content":{"rendered":"\n<p>Lapkri\u010dio 7 dien\u0105 11:00 val. \u012fvyko Vidurio Lietuvos \u017dVVG nuotoliniu b\u016bdu organizuotas susitikimas su savivaldybi\u0173, nevyriausybini\u0173 organizacij\u0173, bendruomeni\u0173 atstovais.<\/p>\n\n\n\n<p>Renginio tema \u201eVidurio Lietuvos \u017euvininkyst\u0117s vietos veiklos grup\u0117s 2023-2029 m. vietos pl\u0117tros strategijos\u201e \u012fgyvendinimas pagal Kvietimo Nr. 5 priemon\u0119 \u201eInfrastrukt\u016bros pritaikymas visuomen\u0117s poreikiams, \u0161velninant klimato kait\u0105 ir saugant biologin\u0119 \u012fvairov\u0119\u201c. Susitikimo dalyviai dom\u0117josi informacija susijusia su kvietimo s\u0105lygomis ir galimyb\u0117mis, vietos projekto \u012fgyvendinimo plan\u0173 pildymo ir pateikimo subtilumais.<\/p>\n\n\n\n<figure class=\"wp-block-image size-full is-resized\"><img loading=\"lazy\" decoding=\"async\" width=\"468\" height=\"468\" src=\"https:\/\/vlzvvg.lt\/wp-content\/uploads\/2024\/02\/VLZVVG-LOGO-3.png\" alt=\"\" class=\"wp-image-142\" style=\"width:275px;height:auto\" srcset=\"https:\/\/vlzvvg.lt\/wp-content\/uploads\/2024\/02\/VLZVVG-LOGO-3.png 468w, https:\/\/vlzvvg.lt\/wp-content\/uploads\/2024\/02\/VLZVVG-LOGO-3-300x300.png 300w, https:\/\/vlzvvg.lt\/wp-content\/uploads\/2024\/02\/VLZVVG-LOGO-3-150x150.png 150w\" sizes=\"auto, (max-width: 468px) 100vw, 468px\" \/><\/figure>\n","protected":false},"excerpt":{"rendered":"<p>Lapkri\u010dio 7 dien\u0105 11:00 val. \u012fvyko Vidurio Lietuvos \u017dVVG nuotoliniu b\u016bdu organizuotas susitikimas su savivaldybi\u0173, nevyriausybini\u0173 organizacij\u0173, bendruomeni\u0173 atstovais. Renginio tema \u201eVidurio Lietuvos \u017euvininkyst\u0117s vietos veiklos grup\u0117s 2023-2029 m. vietos pl\u0117tros strategijos\u201e \u012fgyvendinimas pagal Kvietimo Nr. 5 priemon\u0119 \u201eInfrastrukt\u016bros pritaikymas visuomen\u0117s poreikiams, \u0161velninant klimato kait\u0105 ir saugant biologin\u0119 \u012fvairov\u0119\u201c. Susitikimo dalyviai dom\u0117josi informacija susijusia su&#8230;<\/p>\n","protected":false},"author":1,"featured_media":0,"parent":0,"menu_order":0,"comment_status":"closed","ping_status":"closed","template":"","meta":{"footnotes":""},"class_list":["post-591","page","type-page","status-publish","hentry"],"yoast_head":"<!-- This site is optimized with the Yoast SEO plugin v21.4 - https:\/\/yoast.com\/wordpress\/plugins\/seo\/ -->\n<title>Renginys 2025 11 07 - Vidurio Lietuvos \u017euvininkyst\u0117s vietos veiklos grup\u0117<\/title>\n<meta name=\"robots\" content=\"index, follow, max-snippet:-1, max-image-preview:large, max-video-preview:-1\" \/>\n<link rel=\"canonical\" href=\"https:\/\/vlzvvg.lt\/?page_id=591\" \/>\n<meta property=\"og:locale\" content=\"lt_LT\" \/>\n<meta property=\"og:type\" content=\"article\" \/>\n<meta property=\"og:title\" content=\"Renginys 2025 11 07 - Vidurio Lietuvos \u017euvininkyst\u0117s vietos veiklos grup\u0117\" \/>\n<meta property=\"og:description\" content=\"Lapkri\u010dio 7 dien\u0105 11:00 val. \u012fvyko Vidurio Lietuvos \u017dVVG nuotoliniu b\u016bdu organizuotas susitikimas su savivaldybi\u0173, nevyriausybini\u0173 organizacij\u0173, bendruomeni\u0173 atstovais. Renginio tema \u201eVidurio Lietuvos \u017euvininkyst\u0117s vietos veiklos grup\u0117s 2023-2029 m. vietos pl\u0117tros strategijos\u201e \u012fgyvendinimas pagal Kvietimo Nr. 5 priemon\u0119 \u201eInfrastrukt\u016bros pritaikymas visuomen\u0117s poreikiams, \u0161velninant klimato kait\u0105 ir saugant biologin\u0119 \u012fvairov\u0119\u201c. Susitikimo dalyviai dom\u0117josi informacija susijusia su...\" \/>\n<meta property=\"og:url\" content=\"https:\/\/vlzvvg.lt\/?page_id=591\" \/>\n<meta property=\"og:site_name\" content=\"Vidurio Lietuvos \u017euvininkyst\u0117s vietos veiklos grup\u0117\" \/>\n<meta property=\"article:modified_time\" content=\"2026-01-29T07:58:50+00:00\" \/>\n<meta property=\"og:image\" content=\"https:\/\/vlzvvg.lt\/wp-content\/uploads\/2024\/02\/VLZVVG-LOGO-3.png\" \/>\n<meta name=\"twitter:card\" content=\"summary_large_image\" \/>\n<meta name=\"twitter:label1\" content=\"Est. reading time\" \/>\n\t<meta name=\"twitter:data1\" content=\"1 minut\u0117\" \/>\n<script type=\"application\/ld+json\" class=\"yoast-schema-graph\">{\"@context\":\"https:\/\/schema.org\",\"@graph\":[{\"@type\":\"WebPage\",\"@id\":\"https:\/\/vlzvvg.lt\/?page_id=591\",\"url\":\"https:\/\/vlzvvg.lt\/?page_id=591\",\"name\":\"Renginys 2025 11 07 - Vidurio Lietuvos \u017euvininkyst\u0117s vietos veiklos grup\u0117\",\"isPartOf\":{\"@id\":\"https:\/\/vlzvvg.lt\/#website\"},\"datePublished\":\"2026-01-29T07:58:49+00:00\",\"dateModified\":\"2026-01-29T07:58:50+00:00\",\"breadcrumb\":{\"@id\":\"https:\/\/vlzvvg.lt\/?page_id=591#breadcrumb\"},\"inLanguage\":\"lt-LT\",\"potentialAction\":[{\"@type\":\"ReadAction\",\"target\":[\"https:\/\/vlzvvg.lt\/?page_id=591\"]}]},{\"@type\":\"BreadcrumbList\",\"@id\":\"https:\/\/vlzvvg.lt\/?page_id=591#breadcrumb\",\"itemListElement\":[{\"@type\":\"ListItem\",\"position\":1,\"name\":\"Home\",\"item\":\"https:\/\/vlzvvg.lt\/\"},{\"@type\":\"ListItem\",\"position\":2,\"name\":\"Renginys 2025 11 07\"}]},{\"@type\":\"WebSite\",\"@id\":\"https:\/\/vlzvvg.lt\/#website\",\"url\":\"https:\/\/vlzvvg.lt\/\",\"name\":\"Vidurio Lietuvos \u017euvininkyst\u0117s vietos veiklos grup\u0117\",\"description\":\"\",\"alternateName\":\"vlzvvg\",\"potentialAction\":[{\"@type\":\"SearchAction\",\"target\":{\"@type\":\"EntryPoint\",\"urlTemplate\":\"https:\/\/vlzvvg.lt\/?s={search_term_string}\"},\"query-input\":\"required name=search_term_string\"}],\"inLanguage\":\"lt-LT\"}]}<\/script>\n<!-- \/ Yoast SEO plugin. -->","yoast_head_json":{"title":"Renginys 2025 11 07 - Vidurio Lietuvos \u017euvininkyst\u0117s vietos veiklos grup\u0117","robots":{"index":"index","follow":"follow","max-snippet":"max-snippet:-1","max-image-preview":"max-image-preview:large","max-video-preview":"max-video-preview:-1"},"canonical":"https:\/\/vlzvvg.lt\/?page_id=591","og_locale":"lt_LT","og_type":"article","og_title":"Renginys 2025 11 07 - Vidurio Lietuvos \u017euvininkyst\u0117s vietos veiklos grup\u0117","og_description":"Lapkri\u010dio 7 dien\u0105 11:00 val. \u012fvyko Vidurio Lietuvos \u017dVVG nuotoliniu b\u016bdu organizuotas susitikimas su savivaldybi\u0173, nevyriausybini\u0173 organizacij\u0173, bendruomeni\u0173 atstovais. Renginio tema \u201eVidurio Lietuvos \u017euvininkyst\u0117s vietos veiklos grup\u0117s 2023-2029 m. vietos pl\u0117tros strategijos\u201e \u012fgyvendinimas pagal Kvietimo Nr. 5 priemon\u0119 \u201eInfrastrukt\u016bros pritaikymas visuomen\u0117s poreikiams, \u0161velninant klimato kait\u0105 ir saugant biologin\u0119 \u012fvairov\u0119\u201c. Susitikimo dalyviai dom\u0117josi informacija susijusia su...","og_url":"https:\/\/vlzvvg.lt\/?page_id=591","og_site_name":"Vidurio Lietuvos \u017euvininkyst\u0117s vietos veiklos grup\u0117","article_modified_time":"2026-01-29T07:58:50+00:00","og_image":[{"url":"https:\/\/vlzvvg.lt\/wp-content\/uploads\/2024\/02\/VLZVVG-LOGO-3.png"}],"twitter_card":"summary_large_image","twitter_misc":{"Est. reading time":"1 minut\u0117"},"schema":{"@context":"https:\/\/schema.org","@graph":[{"@type":"WebPage","@id":"https:\/\/vlzvvg.lt\/?page_id=591","url":"https:\/\/vlzvvg.lt\/?page_id=591","name":"Renginys 2025 11 07 - Vidurio Lietuvos \u017euvininkyst\u0117s vietos veiklos grup\u0117","isPartOf":{"@id":"https:\/\/vlzvvg.lt\/#website"},"datePublished":"2026-01-29T07:58:49+00:00","dateModified":"2026-01-29T07:58:50+00:00","breadcrumb":{"@id":"https:\/\/vlzvvg.lt\/?page_id=591#breadcrumb"},"inLanguage":"lt-LT","potentialAction":[{"@type":"ReadAction","target":["https:\/\/vlzvvg.lt\/?page_id=591"]}]},{"@type":"BreadcrumbList","@id":"https:\/\/vlzvvg.lt\/?page_id=591#breadcrumb","itemListElement":[{"@type":"ListItem","position":1,"name":"Home","item":"https:\/\/vlzvvg.lt\/"},{"@type":"ListItem","position":2,"name":"Renginys 2025 11 07"}]},{"@type":"WebSite","@id":"https:\/\/vlzvvg.lt\/#website","url":"https:\/\/vlzvvg.lt\/","name":"Vidurio Lietuvos \u017euvininkyst\u0117s vietos veiklos grup\u0117","description":"","alternateName":"vlzvvg","potentialAction":[{"@type":"SearchAction","target":{"@type":"EntryPoint","urlTemplate":"https:\/\/vlzvvg.lt\/?s={search_term_string}"},"query-input":"required name=search_term_string"}],"inLanguage":"lt-LT"}]}},"_links":{"self":[{"href":"https:\/\/vlzvvg.lt\/index.php?rest_route=\/wp\/v2\/pages\/591","targetHints":{"allow":["GET"]}}],"collection":[{"href":"https:\/\/vlzvvg.lt\/index.php?rest_route=\/wp\/v2\/pages"}],"about":[{"href":"https:\/\/vlzvvg.lt\/index.php?rest_route=\/wp\/v2\/types\/page"}],"author":[{"embeddable":true,"href":"https:\/\/vlzvvg.lt\/index.php?rest_route=\/wp\/v2\/users\/1"}],"replies":[{"embeddable":true,"href":"https:\/\/vlzvvg.lt\/index.php?rest_route=%2Fwp%2Fv2%2Fcomments&post=591"}],"version-history":[{"count":1,"href":"https:\/\/vlzvvg.lt\/index.php?rest_route=\/wp\/v2\/pages\/591\/revisions"}],"predecessor-version":[{"id":592,"href":"https:\/\/vlzvvg.lt\/index.php?rest_route=\/wp\/v2\/pages\/591\/revisions\/592"}],"wp:attachment":[{"href":"https:\/\/vlzvvg.lt\/index.php?rest_route=%2Fwp%2Fv2%2Fmedia&parent=591"}],"curies":[{"name":"wp","href":"https:\/\/api.w.org\/{rel}","templated":true}]}}