{"id":275,"date":"2025-03-13T15:20:28","date_gmt":"2025-03-13T13:20:28","guid":{"rendered":"https:\/\/vlzvvg.lt\/?page_id=275"},"modified":"2025-03-13T15:20:28","modified_gmt":"2025-03-13T13:20:28","slug":"vps-finansininko-pareigybes-aprasymas","status":"publish","type":"page","link":"https:\/\/vlzvvg.lt\/?page_id=275","title":{"rendered":"VPS FINANSININKO PAREIGYB\u0116S APRA\u0160YMAS"},"content":{"rendered":"\n<h5 class=\"wp-block-heading has-text-align-center\"><strong>I. PAREIGYB\u0116<\/strong><\/h5>\n\n\n\n<p>1. VPS finansininkas.<\/p>\n\n\n\n<h5 class=\"wp-block-heading has-text-align-center\"><strong>II. SPECIAL\u016aS REIKALAVIMAI \u0160IAS PAREIGAS EINAN\u010cIAM DARBUOTOJUI<\/strong><\/h5>\n\n\n\n<p>2. Darbuotojas, einantis \u0161ias pareigas, turi atitikti \u0161iuos specialius reikalavimus:<\/p>\n\n\n\n<p>2.1. tur\u0117ti auk\u0161t\u0105j\u012f i\u0161silavinim\u0105 buhalterin\u0117s apskaitos tvarkymo srityje ir ne ma\u017eesn\u0119 nei 2 m. darbo patirt\u012f buhalterin\u0117s apskaitos tvarkymo ir (arba) finans\u0173 valdymo srityje, arba tur\u0117ti ne ma\u017eesn\u0119 negu 2 m. darbo patirt\u012f buhalterin\u0117s apskaitos tvarkymo ir (arba) finans\u0173 valdymo srityje \u012fgyvendinant VPS, dvisektores VPS ar kaimo vietovi\u0173 vietos pl\u0117tros strategijas.<\/p>\n\n\n\n<h5 class=\"wp-block-heading has-text-align-center\"><strong>III. \u0160IAS PAREIGAS EINAN\u010cIO DARBUOTOJO FUNKCIJOS<\/strong><\/h5>\n\n\n\n<p>3. \u0160ias pareigas einantis darbuotojas vykdo \u0161ias funkcijas:<\/p>\n\n\n\n<p>3.1. Tvarko VPS ir kitas VL\u017dVVG s\u0105skaitas, finansinius srautus bei apskaitos dokumentus pagal Lietuvos Respublikos \u012fstatymus.<\/p>\n\n\n\n<p>3.2. Tvarko VL\u017dVVG buhalterin\u0119 apskait\u0105 pagal Lietuvos Respublikos \u012fstatymus, rengia ir teikia finansines ataskaitas Valstybinei mokes\u010di\u0173 inspekcijai ir Valstybinio socialinio draudimo fondo valdybai, taip pat kitoms institucijoms, turin\u010dioms teis\u0119 reikalauti atitinkam\u0173 ataskait\u0173.<\/p>\n\n\n\n<p>3.3. Rengia tarpinius ir galutinius VPS mok\u0117jimo pra\u0161ymus paramos sutartyje numatytu laiku.<\/p>\n\n\n\n<p>3.4. Teikia pasi\u016blymus ir informacij\u0105 apie projekt\u0173 finansin\u012f vykdym\u0105, problemas bei tr\u016bkumus VPS administravimo vadovui, VL\u017dVVG pirmininkui, VL\u017dVVG valdybai, VL\u017dVVG visuotiniam nari\u0173 susirinkimui.<\/p>\n\n\n\n<h5 class=\"wp-block-heading has-text-align-center\"><strong>IV. ATSAKOMYB\u0116<\/strong><\/h5>\n\n\n\n<p> 4. \u0160ias pareigas vykdantis darbuotojas atsako \u012fstatym\u0173 nustatyta tvarka.<\/p>\n","protected":false},"excerpt":{"rendered":"<p>I. PAREIGYB\u0116 1. VPS finansininkas. II. SPECIAL\u016aS REIKALAVIMAI \u0160IAS PAREIGAS EINAN\u010cIAM DARBUOTOJUI 2. Darbuotojas, einantis \u0161ias pareigas, turi atitikti \u0161iuos specialius reikalavimus: 2.1. tur\u0117ti auk\u0161t\u0105j\u012f i\u0161silavinim\u0105 buhalterin\u0117s apskaitos tvarkymo srityje ir ne ma\u017eesn\u0119 nei 2 m. darbo patirt\u012f buhalterin\u0117s apskaitos tvarkymo ir (arba) finans\u0173 valdymo srityje, arba tur\u0117ti ne ma\u017eesn\u0119 negu 2 m. darbo patirt\u012f&#8230;<\/p>\n","protected":false},"author":1,"featured_media":0,"parent":0,"menu_order":0,"comment_status":"closed","ping_status":"closed","template":"","meta":{"footnotes":""},"class_list":["post-275","page","type-page","status-publish","hentry"],"yoast_head":"<!-- This site is optimized with the Yoast SEO plugin v21.4 - https:\/\/yoast.com\/wordpress\/plugins\/seo\/ -->\n<title>VPS FINANSININKO PAREIGYB\u0116S APRA\u0160YMAS - Vidurio Lietuvos \u017euvininkyst\u0117s vietos veiklos grup\u0117<\/title>\n<meta name=\"robots\" content=\"index, follow, max-snippet:-1, max-image-preview:large, max-video-preview:-1\" \/>\n<link rel=\"canonical\" href=\"https:\/\/vlzvvg.lt\/?page_id=275\" \/>\n<meta property=\"og:locale\" content=\"lt_LT\" \/>\n<meta property=\"og:type\" content=\"article\" \/>\n<meta property=\"og:title\" content=\"VPS FINANSININKO PAREIGYB\u0116S APRA\u0160YMAS - Vidurio Lietuvos \u017euvininkyst\u0117s vietos veiklos grup\u0117\" \/>\n<meta property=\"og:description\" content=\"I. PAREIGYB\u0116 1. VPS finansininkas. II. SPECIAL\u016aS REIKALAVIMAI \u0160IAS PAREIGAS EINAN\u010cIAM DARBUOTOJUI 2. Darbuotojas, einantis \u0161ias pareigas, turi atitikti \u0161iuos specialius reikalavimus: 2.1. tur\u0117ti auk\u0161t\u0105j\u012f i\u0161silavinim\u0105 buhalterin\u0117s apskaitos tvarkymo srityje ir ne ma\u017eesn\u0119 nei 2 m. darbo patirt\u012f buhalterin\u0117s apskaitos tvarkymo ir (arba) finans\u0173 valdymo srityje, arba tur\u0117ti ne ma\u017eesn\u0119 negu 2 m. darbo patirt\u012f...\" \/>\n<meta property=\"og:url\" content=\"https:\/\/vlzvvg.lt\/?page_id=275\" \/>\n<meta property=\"og:site_name\" content=\"Vidurio Lietuvos \u017euvininkyst\u0117s vietos veiklos grup\u0117\" \/>\n<meta name=\"twitter:card\" content=\"summary_large_image\" \/>\n<meta name=\"twitter:label1\" content=\"Est. reading time\" \/>\n\t<meta name=\"twitter:data1\" content=\"1 minut\u0117\" \/>\n<script type=\"application\/ld+json\" class=\"yoast-schema-graph\">{\"@context\":\"https:\/\/schema.org\",\"@graph\":[{\"@type\":\"WebPage\",\"@id\":\"https:\/\/vlzvvg.lt\/?page_id=275\",\"url\":\"https:\/\/vlzvvg.lt\/?page_id=275\",\"name\":\"VPS FINANSININKO PAREIGYB\u0116S APRA\u0160YMAS - Vidurio Lietuvos \u017euvininkyst\u0117s vietos veiklos grup\u0117\",\"isPartOf\":{\"@id\":\"https:\/\/vlzvvg.lt\/#website\"},\"datePublished\":\"2025-03-13T13:20:28+00:00\",\"dateModified\":\"2025-03-13T13:20:28+00:00\",\"breadcrumb\":{\"@id\":\"https:\/\/vlzvvg.lt\/?page_id=275#breadcrumb\"},\"inLanguage\":\"lt-LT\",\"potentialAction\":[{\"@type\":\"ReadAction\",\"target\":[\"https:\/\/vlzvvg.lt\/?page_id=275\"]}]},{\"@type\":\"BreadcrumbList\",\"@id\":\"https:\/\/vlzvvg.lt\/?page_id=275#breadcrumb\",\"itemListElement\":[{\"@type\":\"ListItem\",\"position\":1,\"name\":\"Home\",\"item\":\"https:\/\/vlzvvg.lt\/\"},{\"@type\":\"ListItem\",\"position\":2,\"name\":\"VPS FINANSININKO PAREIGYB\u0116S APRA\u0160YMAS\"}]},{\"@type\":\"WebSite\",\"@id\":\"https:\/\/vlzvvg.lt\/#website\",\"url\":\"https:\/\/vlzvvg.lt\/\",\"name\":\"Vidurio Lietuvos \u017euvininkyst\u0117s vietos veiklos grup\u0117\",\"description\":\"\",\"alternateName\":\"vlzvvg\",\"potentialAction\":[{\"@type\":\"SearchAction\",\"target\":{\"@type\":\"EntryPoint\",\"urlTemplate\":\"https:\/\/vlzvvg.lt\/?s={search_term_string}\"},\"query-input\":\"required name=search_term_string\"}],\"inLanguage\":\"lt-LT\"}]}<\/script>\n<!-- \/ Yoast SEO plugin. -->","yoast_head_json":{"title":"VPS FINANSININKO PAREIGYB\u0116S APRA\u0160YMAS - Vidurio Lietuvos \u017euvininkyst\u0117s vietos veiklos grup\u0117","robots":{"index":"index","follow":"follow","max-snippet":"max-snippet:-1","max-image-preview":"max-image-preview:large","max-video-preview":"max-video-preview:-1"},"canonical":"https:\/\/vlzvvg.lt\/?page_id=275","og_locale":"lt_LT","og_type":"article","og_title":"VPS FINANSININKO PAREIGYB\u0116S APRA\u0160YMAS - Vidurio Lietuvos \u017euvininkyst\u0117s vietos veiklos grup\u0117","og_description":"I. PAREIGYB\u0116 1. VPS finansininkas. II. SPECIAL\u016aS REIKALAVIMAI \u0160IAS PAREIGAS EINAN\u010cIAM DARBUOTOJUI 2. Darbuotojas, einantis \u0161ias pareigas, turi atitikti \u0161iuos specialius reikalavimus: 2.1. tur\u0117ti auk\u0161t\u0105j\u012f i\u0161silavinim\u0105 buhalterin\u0117s apskaitos tvarkymo srityje ir ne ma\u017eesn\u0119 nei 2 m. darbo patirt\u012f buhalterin\u0117s apskaitos tvarkymo ir (arba) finans\u0173 valdymo srityje, arba tur\u0117ti ne ma\u017eesn\u0119 negu 2 m. darbo patirt\u012f...","og_url":"https:\/\/vlzvvg.lt\/?page_id=275","og_site_name":"Vidurio Lietuvos \u017euvininkyst\u0117s vietos veiklos grup\u0117","twitter_card":"summary_large_image","twitter_misc":{"Est. reading time":"1 minut\u0117"},"schema":{"@context":"https:\/\/schema.org","@graph":[{"@type":"WebPage","@id":"https:\/\/vlzvvg.lt\/?page_id=275","url":"https:\/\/vlzvvg.lt\/?page_id=275","name":"VPS FINANSININKO PAREIGYB\u0116S APRA\u0160YMAS - Vidurio Lietuvos \u017euvininkyst\u0117s vietos veiklos grup\u0117","isPartOf":{"@id":"https:\/\/vlzvvg.lt\/#website"},"datePublished":"2025-03-13T13:20:28+00:00","dateModified":"2025-03-13T13:20:28+00:00","breadcrumb":{"@id":"https:\/\/vlzvvg.lt\/?page_id=275#breadcrumb"},"inLanguage":"lt-LT","potentialAction":[{"@type":"ReadAction","target":["https:\/\/vlzvvg.lt\/?page_id=275"]}]},{"@type":"BreadcrumbList","@id":"https:\/\/vlzvvg.lt\/?page_id=275#breadcrumb","itemListElement":[{"@type":"ListItem","position":1,"name":"Home","item":"https:\/\/vlzvvg.lt\/"},{"@type":"ListItem","position":2,"name":"VPS FINANSININKO PAREIGYB\u0116S APRA\u0160YMAS"}]},{"@type":"WebSite","@id":"https:\/\/vlzvvg.lt\/#website","url":"https:\/\/vlzvvg.lt\/","name":"Vidurio Lietuvos \u017euvininkyst\u0117s vietos veiklos grup\u0117","description":"","alternateName":"vlzvvg","potentialAction":[{"@type":"SearchAction","target":{"@type":"EntryPoint","urlTemplate":"https:\/\/vlzvvg.lt\/?s={search_term_string}"},"query-input":"required name=search_term_string"}],"inLanguage":"lt-LT"}]}},"_links":{"self":[{"href":"https:\/\/vlzvvg.lt\/index.php?rest_route=\/wp\/v2\/pages\/275","targetHints":{"allow":["GET"]}}],"collection":[{"href":"https:\/\/vlzvvg.lt\/index.php?rest_route=\/wp\/v2\/pages"}],"about":[{"href":"https:\/\/vlzvvg.lt\/index.php?rest_route=\/wp\/v2\/types\/page"}],"author":[{"embeddable":true,"href":"https:\/\/vlzvvg.lt\/index.php?rest_route=\/wp\/v2\/users\/1"}],"replies":[{"embeddable":true,"href":"https:\/\/vlzvvg.lt\/index.php?rest_route=%2Fwp%2Fv2%2Fcomments&post=275"}],"version-history":[{"count":1,"href":"https:\/\/vlzvvg.lt\/index.php?rest_route=\/wp\/v2\/pages\/275\/revisions"}],"predecessor-version":[{"id":276,"href":"https:\/\/vlzvvg.lt\/index.php?rest_route=\/wp\/v2\/pages\/275\/revisions\/276"}],"wp:attachment":[{"href":"https:\/\/vlzvvg.lt\/index.php?rest_route=%2Fwp%2Fv2%2Fmedia&parent=275"}],"curies":[{"name":"wp","href":"https:\/\/api.w.org\/{rel}","templated":true}]}}