{"id":264,"date":"2025-03-13T14:51:06","date_gmt":"2025-03-13T12:51:06","guid":{"rendered":"https:\/\/vlzvvg.lt\/?page_id=264"},"modified":"2025-03-13T14:53:52","modified_gmt":"2025-03-13T12:53:52","slug":"vps-administratoriaus-pareigybes-aprasymas","status":"publish","type":"page","link":"https:\/\/vlzvvg.lt\/?page_id=264","title":{"rendered":"VPS ADMINISTRATORIAUS PAREIGYB\u0116S APRA\u0160YMAS"},"content":{"rendered":"\n<h5 class=\"wp-block-heading has-text-align-center has-medium-font-size\" style=\"border-style:none;border-width:0px;border-radius:0px\"><strong>I. PAREIGYB\u0116<\/strong><\/h5>\n\n\n\n<p><strong>1.<\/strong> VPS administratorius.<\/p>\n\n\n\n<h5 class=\"wp-block-heading has-text-align-center\"><strong>II. SPECIAL\u016aS REIKALAVIMAI \u0160IAS PAREIGAS EINAN\u010cIAM DARBUOTOJUI<\/strong><\/h5>\n\n\n\n<p><strong>2.<\/strong> Darbuotojas, einantis \u0161ias pareigas, turi atitikti \u0161iuos specialius reikalavimus:<\/p>\n\n\n\n<p><strong> 2.1. <\/strong>Tur\u0117ti auk\u0161t\u0105j\u012f i\u0161silavinim\u0105 ir ne ma\u017eesn\u0119 negu 1 m. darbo patirt\u012f projekt\u0173 valdymo srityje; arba tur\u0117ti ne ma\u017eesn\u0119 negu 2 m. darbo patirt\u012f VPS, dvisektori\u0173 VPS ar kaimo vietovi\u0173 vietos pl\u0117tros strategij\u0173 administravimo ir \u012fgyvendinimo srityje.<\/p>\n\n\n\n<h5 class=\"wp-block-heading has-text-align-center\"><strong>III. \u0160IAS PAREIGAS EINAN\u010cIO DARBUOTOJO FUNKCIJOS<\/strong><\/h5>\n\n\n\n<p><strong>3.<\/strong> \u0160ias pareigas einantis darbuotojas vykdo \u0161ias funkcijas:<\/p>\n\n\n\n<p><strong>3.1.<\/strong> Vykdo VPS \u012fgyvendinim\u0105.<\/p>\n\n\n\n<p><strong>3.2.<\/strong> Rengia Kvietim\u0173 teikti vietos projekt\u0173 parai\u0161kas dokumentacij\u0105;<\/p>\n\n\n\n<p><strong>3.3.<\/strong> Atlieka vietos projekt\u0173 parai\u0161k\u0173 vertinim\u0105;<\/p>\n\n\n\n<p><strong>3.4.<\/strong> Parengia projekt\u0173 parai\u0161kos vertinimo ataskaitas;<\/p>\n\n\n\n<p><strong>3.5.<\/strong> teikia informacin\u0119, konsultacin\u0119 ir metodin\u0119 pagalb\u0105 parei\u0161k\u0117jams parai\u0161k\u0173 rengimo, mok\u0117jimo pra\u0161ym\u0173 teikimo bei vie\u0161\u0173j\u0173 pirkim\u0173 klausimais;<\/p>\n\n\n\n<p><strong>3.6.<\/strong> Vertina tarpines, galutines vietos projekt\u0173 ataskaitas;<\/p>\n\n\n\n<p><strong>3.7.<\/strong> Vykdo u\u017ebaigt\u0173 vietos projekt\u0173 steb\u0117sen\u0105.<\/p>\n\n\n\n<h5 class=\"wp-block-heading has-text-align-center\"><strong>IV. ATSAKOMYB\u0116<\/strong><\/h5>\n\n\n\n<p><strong>4.<\/strong> \u0160ias pareigas vykdantis darbuotojas atsako \u012fstatym\u0173 nustatyta tvarka.<\/p>\n","protected":false},"excerpt":{"rendered":"<p>I. PAREIGYB\u0116 1. VPS administratorius. II. SPECIAL\u016aS REIKALAVIMAI \u0160IAS PAREIGAS EINAN\u010cIAM DARBUOTOJUI 2. Darbuotojas, einantis \u0161ias pareigas, turi atitikti \u0161iuos specialius reikalavimus: 2.1. Tur\u0117ti auk\u0161t\u0105j\u012f i\u0161silavinim\u0105 ir ne ma\u017eesn\u0119 negu 1 m. darbo patirt\u012f projekt\u0173 valdymo srityje; arba tur\u0117ti ne ma\u017eesn\u0119 negu 2 m. darbo patirt\u012f VPS, dvisektori\u0173 VPS ar kaimo vietovi\u0173 vietos pl\u0117tros strategij\u0173&#8230;<\/p>\n","protected":false},"author":1,"featured_media":0,"parent":0,"menu_order":0,"comment_status":"closed","ping_status":"closed","template":"","meta":{"footnotes":""},"class_list":["post-264","page","type-page","status-publish","hentry"],"yoast_head":"<!-- This site is optimized with the Yoast SEO plugin v21.4 - https:\/\/yoast.com\/wordpress\/plugins\/seo\/ -->\n<title>VPS ADMINISTRATORIAUS PAREIGYB\u0116S APRA\u0160YMAS - Vidurio Lietuvos \u017euvininkyst\u0117s vietos veiklos grup\u0117<\/title>\n<meta name=\"robots\" content=\"index, follow, max-snippet:-1, max-image-preview:large, max-video-preview:-1\" \/>\n<link rel=\"canonical\" href=\"https:\/\/vlzvvg.lt\/?page_id=264\" \/>\n<meta property=\"og:locale\" content=\"lt_LT\" \/>\n<meta property=\"og:type\" content=\"article\" \/>\n<meta property=\"og:title\" content=\"VPS ADMINISTRATORIAUS PAREIGYB\u0116S APRA\u0160YMAS - Vidurio Lietuvos \u017euvininkyst\u0117s vietos veiklos grup\u0117\" \/>\n<meta property=\"og:description\" content=\"I. PAREIGYB\u0116 1. VPS administratorius. II. SPECIAL\u016aS REIKALAVIMAI \u0160IAS PAREIGAS EINAN\u010cIAM DARBUOTOJUI 2. Darbuotojas, einantis \u0161ias pareigas, turi atitikti \u0161iuos specialius reikalavimus: 2.1. Tur\u0117ti auk\u0161t\u0105j\u012f i\u0161silavinim\u0105 ir ne ma\u017eesn\u0119 negu 1 m. darbo patirt\u012f projekt\u0173 valdymo srityje; arba tur\u0117ti ne ma\u017eesn\u0119 negu 2 m. darbo patirt\u012f VPS, dvisektori\u0173 VPS ar kaimo vietovi\u0173 vietos pl\u0117tros strategij\u0173...\" \/>\n<meta property=\"og:url\" content=\"https:\/\/vlzvvg.lt\/?page_id=264\" \/>\n<meta property=\"og:site_name\" content=\"Vidurio Lietuvos \u017euvininkyst\u0117s vietos veiklos grup\u0117\" \/>\n<meta property=\"article:modified_time\" content=\"2025-03-13T12:53:52+00:00\" \/>\n<meta name=\"twitter:card\" content=\"summary_large_image\" \/>\n<meta name=\"twitter:label1\" content=\"Est. reading time\" \/>\n\t<meta name=\"twitter:data1\" content=\"1 minut\u0117\" \/>\n<script type=\"application\/ld+json\" class=\"yoast-schema-graph\">{\"@context\":\"https:\/\/schema.org\",\"@graph\":[{\"@type\":\"WebPage\",\"@id\":\"https:\/\/vlzvvg.lt\/?page_id=264\",\"url\":\"https:\/\/vlzvvg.lt\/?page_id=264\",\"name\":\"VPS ADMINISTRATORIAUS PAREIGYB\u0116S APRA\u0160YMAS - Vidurio Lietuvos \u017euvininkyst\u0117s vietos veiklos grup\u0117\",\"isPartOf\":{\"@id\":\"https:\/\/vlzvvg.lt\/#website\"},\"datePublished\":\"2025-03-13T12:51:06+00:00\",\"dateModified\":\"2025-03-13T12:53:52+00:00\",\"breadcrumb\":{\"@id\":\"https:\/\/vlzvvg.lt\/?page_id=264#breadcrumb\"},\"inLanguage\":\"lt-LT\",\"potentialAction\":[{\"@type\":\"ReadAction\",\"target\":[\"https:\/\/vlzvvg.lt\/?page_id=264\"]}]},{\"@type\":\"BreadcrumbList\",\"@id\":\"https:\/\/vlzvvg.lt\/?page_id=264#breadcrumb\",\"itemListElement\":[{\"@type\":\"ListItem\",\"position\":1,\"name\":\"Home\",\"item\":\"https:\/\/vlzvvg.lt\/\"},{\"@type\":\"ListItem\",\"position\":2,\"name\":\"VPS ADMINISTRATORIAUS PAREIGYB\u0116S APRA\u0160YMAS\"}]},{\"@type\":\"WebSite\",\"@id\":\"https:\/\/vlzvvg.lt\/#website\",\"url\":\"https:\/\/vlzvvg.lt\/\",\"name\":\"Vidurio Lietuvos \u017euvininkyst\u0117s vietos veiklos grup\u0117\",\"description\":\"\",\"alternateName\":\"vlzvvg\",\"potentialAction\":[{\"@type\":\"SearchAction\",\"target\":{\"@type\":\"EntryPoint\",\"urlTemplate\":\"https:\/\/vlzvvg.lt\/?s={search_term_string}\"},\"query-input\":\"required name=search_term_string\"}],\"inLanguage\":\"lt-LT\"}]}<\/script>\n<!-- \/ Yoast SEO plugin. -->","yoast_head_json":{"title":"VPS ADMINISTRATORIAUS PAREIGYB\u0116S APRA\u0160YMAS - Vidurio Lietuvos \u017euvininkyst\u0117s vietos veiklos grup\u0117","robots":{"index":"index","follow":"follow","max-snippet":"max-snippet:-1","max-image-preview":"max-image-preview:large","max-video-preview":"max-video-preview:-1"},"canonical":"https:\/\/vlzvvg.lt\/?page_id=264","og_locale":"lt_LT","og_type":"article","og_title":"VPS ADMINISTRATORIAUS PAREIGYB\u0116S APRA\u0160YMAS - Vidurio Lietuvos \u017euvininkyst\u0117s vietos veiklos grup\u0117","og_description":"I. PAREIGYB\u0116 1. VPS administratorius. II. SPECIAL\u016aS REIKALAVIMAI \u0160IAS PAREIGAS EINAN\u010cIAM DARBUOTOJUI 2. Darbuotojas, einantis \u0161ias pareigas, turi atitikti \u0161iuos specialius reikalavimus: 2.1. Tur\u0117ti auk\u0161t\u0105j\u012f i\u0161silavinim\u0105 ir ne ma\u017eesn\u0119 negu 1 m. darbo patirt\u012f projekt\u0173 valdymo srityje; arba tur\u0117ti ne ma\u017eesn\u0119 negu 2 m. darbo patirt\u012f VPS, dvisektori\u0173 VPS ar kaimo vietovi\u0173 vietos pl\u0117tros strategij\u0173...","og_url":"https:\/\/vlzvvg.lt\/?page_id=264","og_site_name":"Vidurio Lietuvos \u017euvininkyst\u0117s vietos veiklos grup\u0117","article_modified_time":"2025-03-13T12:53:52+00:00","twitter_card":"summary_large_image","twitter_misc":{"Est. reading time":"1 minut\u0117"},"schema":{"@context":"https:\/\/schema.org","@graph":[{"@type":"WebPage","@id":"https:\/\/vlzvvg.lt\/?page_id=264","url":"https:\/\/vlzvvg.lt\/?page_id=264","name":"VPS ADMINISTRATORIAUS PAREIGYB\u0116S APRA\u0160YMAS - Vidurio Lietuvos \u017euvininkyst\u0117s vietos veiklos grup\u0117","isPartOf":{"@id":"https:\/\/vlzvvg.lt\/#website"},"datePublished":"2025-03-13T12:51:06+00:00","dateModified":"2025-03-13T12:53:52+00:00","breadcrumb":{"@id":"https:\/\/vlzvvg.lt\/?page_id=264#breadcrumb"},"inLanguage":"lt-LT","potentialAction":[{"@type":"ReadAction","target":["https:\/\/vlzvvg.lt\/?page_id=264"]}]},{"@type":"BreadcrumbList","@id":"https:\/\/vlzvvg.lt\/?page_id=264#breadcrumb","itemListElement":[{"@type":"ListItem","position":1,"name":"Home","item":"https:\/\/vlzvvg.lt\/"},{"@type":"ListItem","position":2,"name":"VPS ADMINISTRATORIAUS PAREIGYB\u0116S APRA\u0160YMAS"}]},{"@type":"WebSite","@id":"https:\/\/vlzvvg.lt\/#website","url":"https:\/\/vlzvvg.lt\/","name":"Vidurio Lietuvos \u017euvininkyst\u0117s vietos veiklos grup\u0117","description":"","alternateName":"vlzvvg","potentialAction":[{"@type":"SearchAction","target":{"@type":"EntryPoint","urlTemplate":"https:\/\/vlzvvg.lt\/?s={search_term_string}"},"query-input":"required name=search_term_string"}],"inLanguage":"lt-LT"}]}},"_links":{"self":[{"href":"https:\/\/vlzvvg.lt\/index.php?rest_route=\/wp\/v2\/pages\/264","targetHints":{"allow":["GET"]}}],"collection":[{"href":"https:\/\/vlzvvg.lt\/index.php?rest_route=\/wp\/v2\/pages"}],"about":[{"href":"https:\/\/vlzvvg.lt\/index.php?rest_route=\/wp\/v2\/types\/page"}],"author":[{"embeddable":true,"href":"https:\/\/vlzvvg.lt\/index.php?rest_route=\/wp\/v2\/users\/1"}],"replies":[{"embeddable":true,"href":"https:\/\/vlzvvg.lt\/index.php?rest_route=%2Fwp%2Fv2%2Fcomments&post=264"}],"version-history":[{"count":2,"href":"https:\/\/vlzvvg.lt\/index.php?rest_route=\/wp\/v2\/pages\/264\/revisions"}],"predecessor-version":[{"id":268,"href":"https:\/\/vlzvvg.lt\/index.php?rest_route=\/wp\/v2\/pages\/264\/revisions\/268"}],"wp:attachment":[{"href":"https:\/\/vlzvvg.lt\/index.php?rest_route=%2Fwp%2Fv2%2Fmedia&parent=264"}],"curies":[{"name":"wp","href":"https:\/\/api.w.org\/{rel}","templated":true}]}}